se q = -4*s - 5*h + 136, -3*s + 38 = -2*h - 41. What is the remainder when s is divided by 10?
9
Let w = 4 + -4. Suppose w = -4*c + c + 27. Calculate the remainder when 33 is divided by c.
6
Let o(i) = 15*i**2. Let q = 10 - 9. Calculate the remainder when o(q) is divided by 6.
3
Calculate the remainder when 35 is divided by (34/4 - 2)*2.
9
Let s(g) = 11*g - 1. Let k(h) = 5*h**2 - 8*h - 10. Calculate the remainder when k(-2) is divided by s(1).
6
Suppose 0 = -y + 4 - 0. Let k = -5 - -1. Let a(r) = -r**2 - 6*r + 3. What is the remainder when a(k) is divided by y?
3
Suppose 5*w + 0*k - 425 = 3*k, -3*k = -w + 73. Calculate the remainder when w is divided by 30.
28
Let r(j) = 2*j**2 + 5*j. Let q be r(-6). Let i = -9 + q. Calculate the remainder when i is divided by 9.
6
Let q(x) = x**2 + x. Suppose -9*k + 172 = -5*k - 3*r, -8 = -2*r. Calculate the remainder when k is divided by q(-4).
10
Suppose 0 = -4*c + 3 + 5. Let y = 0 + c. Let g = -6 + 8. What is the remainder when y is divided by g?
0
Suppose -10*d = -6*d - 12. Suppose -d*k + 2*k = -20. Let t = -58 - -116. What is the remainder when t is divided by k?
18
Let g be ((-2)/(-3))/(4/162). Suppose 93 = 3*w - g. Let f(j) = j**2 - 3*j + 4. Calculate the remainder when w is divided by f(5).
12
Let v = -1 - 5. Let x = -4 - v. Suppose 0*g = 5*g - 20. Calculate the remainder when g is divided by x.
0
Let x = 1 - -3. Suppose -4*d + 72 = -r, 0 = 2*d + 4*r - 32 - x. Calculate the remainder when d is divided by -5*(-3 + -3 + 5).
3
Calculate the remainder when 4 is divided by (-2)/7 + 16/7.
0
Let s be 2/(-5) - 60/(-25). Let d be (2 - 1)*(-2)/s. Calculate the remainder when -70*d/((-10)/(-4)) is divided by 15.
13
Let a(z) = -z**2 + 18*z - 10. Calculate the remainder when 17 is divided by a(17).
3
Suppose 3*r + 11 = -7. Let y(h) = -h**2 - 9*h - 5. Calculate the remainder when y(r) is divided by 5.
3
Let l(c) = 18*c**2 - 2*c - 2. Let k be l(2). Suppose -19 = -5*r + k. Calculate the remainder when (-3 - -51)/((-6)/(-4)) is divided by r.
15
Let s(r) = 20*r. Let g be s(1). Let i = g + -13. Let j(m) = -m**3 - 5*m**2 + 7*m + 9. Calculate the remainder when i is divided by j(-6).
1
Let r be 7 + -8 + (-1 - -4). Suppose 156 = -0*w + r*w. Let o = -50 + w. Calculate the remainder when o is divided by 15.
13
Suppose -9*s - s + 170 = 0. What is the remainder when 33 is divided by s?
16
Let q be 1184/28 + 2/(-7). Suppose 2*a - 3*j + 7*j = q, -j = -5*a + 61. Suppose -s + 40 = 5*p, p - s = -2 + 4. What is the remainder when a is divided by p?
6
Let c = 1 - 5. Calculate the remainder when 25 is divided by (-82)/(-6) + c/6.
12
Let v(x) = x**2 + 4*x - 4. Let o be v(-6). Suppose -3*n - 243 = 45. What is the remainder when 46 is divided by ((-8)/6)/(o/n)?
14
Calculate the remainder when 8/(-52) - (-2140)/52 is divided by 21.
20
Suppose 41 = 2*l + l + 4*t, 0 = 5*l - 3*t - 78. What is the remainder when 29 is divided by l?
14
What is the remainder when 3 is divided by (-192)/(-84) + 2/(-7)?
1
Let x(f) = f**3 + 4*f**2 + 2*f + 4. Let u be (1 - 4)/(1 + 0). Calculate the remainder when ((-2)/(-4))/(1/26) is divided by x(u).
6
Let r(a) = 2 + 5*a - a - 3*a. Let y be r(-2). What is the remainder when 45 is divided by 1 + y - (-10 - 1)?
9
Let h(g) = -g**3 + 5*g**2 + 3*g - 4. Suppose 0 = -5*a + 2*t + 15, -3*a - 5*t = -13 - 27. What is the remainder when 2 + -2 - 42/(-2) is divided by h(a)?
10
Let r(n) = -n**2 - 7*n + 3. What is the remainder when r(-4) is divided by 6?
3
Let r = 8 - 3. Suppose 0 = r*j + u - 50, j = 4*j - 3*u - 12. Calculate the remainder when 7 is divided by (-4)/6 - (-33)/j.
1
Suppose 5*t + 25 = -0*t. Let f = t + -1. Calculate the remainder when 67 is divided by 4/f - 159/(-9).
16
Suppose 3*q - 52 = -q. Calculate the remainder when 62 is divided by q.
10
Let x = -156 - -186. What is the remainder when 118 is divided by x?
28
Suppose -22 = 5*l + 2*i, 0 = 2*l - 5*l + 3*i - 30. Let g(p) = p**2 + 3*p - 2. Calculate the remainder when 30 is divided by g(l).
14
Let j(p) = 11*p**3 - 2*p - 1 + 0*p + 4*p. Suppose u - 46 = -u. Calculate the remainder when u is divided by j(1).
11
Suppose -j = -3*x + 47, -5*x + 3*j + 77 = -0*j. Calculate the remainder when x is divided by (-1)/(-4) + (-35)/(-4).
7
What is the remainder when (2 - 21/15) + 1776/15 is divided by 31?
26
Let g = -4 + 14. What is the remainder when 25 is divided by (g/(-20))/((-1)/30)?
10
Let v(f) = 5*f - 2. Let u be v(1). Suppose -y + 2 + 84 = 5*d, u*d = 5*y - 290. Calculate the remainder when y is divided by 31.
30
Suppose 0 = 2*h + 13*h - 375. What is the remainder when 97 is divided by h?
22
Let u = 3 + -1. Suppose -3*m - u = -8. What is the remainder when 13 is divided by (21/6)/(1/m)?
6
Let f = -16 + 10. Let o(h) = h**2 + 3*h + 5. Calculate the remainder when 45 is divided by o(f).
22
Suppose -r = -1, -3*n + 3*r + 61 = -2*r. Calculate the remainder when 41 is divided by n.
19
Let m(x) be the second derivative of -x**3/6 + x**2 + x. Calculate the remainder when 35 is divided by m(-7).
8
Suppose l = -3*l - c + 4, 2*c = 4*l - 16. Let z(t) = t**3 + 13*t**2 + 13*t + 14. Calculate the remainder when z(-12) is divided by l.
0
Suppose 0*w - 2*w = -6. What is the remainder when 1/(w + 267/(-90)) is divided by 8?
6
Let v be (-3)/(-4)*(5 + -1). Suppose 2*m + 41 = v*m. What is the remainder when m is divided by 14?
13
Let p(z) = z + 0*z**2 - 5*z**3 + 7*z**2 - 6*z**2 - 7*z**3. What is the remainder when 47 is divided by p(-1)?
11
Let t be -1 - -1*2 - -3. Suppose 30 = t*u - 58. Calculate the remainder when u is divided by 12.
10
Let u(p) = -7*p**3 - 5*p**2 - 4*p + 8. Let n(w) = -11*w**3 - 7*w**2 - 6*w + 12. Let g(v) = 5*n(v) - 8*u(v). Calculate the remainder when 23 is divided by g(-3).
7
Let q = -2 - -14. Calculate the remainder when 46 is divided by q.
10
Let a(w) = -3*w**3 - w**2 + 2*w + 3. Suppose -3*b - 7 = -h, 4 - 13 = -3*h + 5*b. What is the remainder when 75 is divided by a(h)?
18
Let y = 3 - -23. Let o = 0 + 5. Suppose 4*z + 2*k - 52 = 0, 5*z + o*k - 12 = 48. Calculate the remainder when y is divided by z.
12
Let o(p) = p + 2. Let b be o(8). What is the remainder when 0 - (0/3 - b) is divided by 4?
2
Suppose -4*s + 4*r + 96 = 0, -5*r + 7 + 3 = 0. What is the remainder when 92 is divided by s?
14
Let c(o) = -24*o**3 - 2*o**2 - o + 1. Calculate the remainder when c(-1) is divided by 9.
6
Calculate the remainder when (328/(-6))/((-10)/15) is divided by 17.
14
What is the remainder when 4/(4/(-3)) - -21 is divided by 7?
4
Let q = 0 + -2. Let y = 5 + q. What is the remainder when 4*y/(-9)*-18 is divided by 13?
11
What is the remainder when 25 is divided by 3/(65/(-20) - -4)?
1
Suppose 0*t = 3*p - t - 55, 5*p - 2*t - 92 = 0. Calculate the remainder when 2*(-2)/((-8)/p) is divided by 5.
4
Let h(r) = -4*r + 1. Let o be h(-2). Let n(y) = y**3 - 9*y**2 + 4*y - 13. What is the remainder when 67 is divided by n(o)?
21
Suppose 171 = 14*u - 235. Calculate the remainder when 317 is divided by u.
27
Let n = -6 - -22. Calculate the remainder when 48 is divided by n.
0
Let a(p) = -2*p**2 - 11*p - 9. Let b be a(-9). Let r = -35 - b. Calculate the remainder when r is divided by 19.
18
Suppose -3*m = -5*s + 79, -s - 2*m = -0*m - 21. Let q be 23/(6/(-3) + 1). Let b = q - -29. What is the remainder when s is divided by b?
5
Let v(n) = -n**2 + 7*n. Suppose -2 = 2*x - 8. What is the remainder when v(x) is divided by 5?
2
Let m be 1 + 1 - (-2 + 4). Let a(b) = 2*b - 14. What is the remainder when 16/(1 - m) + 2 is divided by a(12)?
8
Suppose -426 = -12*b - 114. Calculate the remainder when 154 is divided by b.
24
Let n(o) = o**3 - o**2 + 58. Let p(c) = -c**3 - 6*c**2 + 6*c - 7. Let g be p(-7). Suppose 0 = 2*v - 32 - 8. What is the remainder when n(g) is divided by v?
18
Suppose t = 4*i + 28, -2*i - 3*i = 10. Suppose 11*z + 7 - 876 = 0. What is the remainder when z is divided by t?
19
Let o = 7 + -3. Calculate the remainder when 25 is divided by 21*(24/9)/o.
11
Let n = -7 - -11. Suppose -4*q = -4*p - n, 5*p - 1 = 4*q - 2. Suppose 0*g = 4*g - f - 68, -2*g + p*f + 34 = 0. What is the remainder when 33 is divided by g?
16
Suppose -61 = -2*b - 2*p + 7*p, 3*b - 120 = -2*p. What is the remainder when 151 is divided by b?
37
Let n = -26 - -30. Let g(q) = -q**3 - 6*q**2 - 5*q + 3. What is the remainder w